e the prime factors of 16159?
11, 13, 113
List the prime factors of 2379.
3, 13, 61
List the prime factors of 1082.
2, 541
List the prime factors of 8005.
5, 1601
What are the prime factors of 220?
2, 5, 11
List the prime factors of 12871.
61, 211
What are the prime factors of 1125?
3, 5
What are the prime factors of 121705?
5, 101, 241
What are the prime factors of 12145?
5, 7, 347
List the prime factors of 11905.
5, 2381
What are the prime factors of 450?
2, 3, 5
What are the prime factors of 56375?
5, 11, 41
What are the prime factors of 407?
11, 37
List the prime factors of 11936.
2, 373
What are the prime factors of 12351?
3, 23, 179
What are the prime factors of 15376?
2, 31
List the prime factors of 274.
2, 137
What are the prime factors of 127951?
127951
List the prime factors of 37691.
37691
What are the prime factors of 38339?
7, 5477
What are the prime factors of 19371?
3, 11, 587
What are the prime factors of 917?
7, 131
What are the prime factors of 6334?
2, 3167
List the prime factors of 834.
2, 3, 139
List the prime factors of 536.
2, 67
What are the prime factors of 8562?
2, 3, 1427
List the prime factors of 95858.
2, 7, 41, 167
What are the prime factors of 11785?
5, 2357
List the prime factors of 19980.
2, 3, 5, 37
What are the prime factors of 949?
13, 73
What are the prime factors of 60039?
3, 7, 953
What are the prime factors of 25473?
3, 7, 1213
What are the prime factors of 10572?
2, 3, 881
List the prime factors of 301.
7, 43
List the prime factors of 2323.
23, 101
What are the prime factors of 40672?
2, 31, 41
What are the prime factors of 21441?
3, 7, 1021
What are the prime factors of 43948?
2, 10987
List the prime factors of 35972.
2, 17, 23
What are the prime factors of 142?
2, 71
List the prime factors of 14093.
17, 829
What are the prime factors of 85928?
2, 23, 467
What are the prime factors of 1322?
2, 661
List the prime factors of 1756.
2, 439
What are the prime factors of 1703?
13, 131
List the prime factors of 2710.
2, 5, 271
List the prime factors of 12417.
3, 4139
What are the prime factors of 408?
2, 3, 17
What are the prime factors of 866?
2, 433
List the prime factors of 2666.
2, 31, 43
List the prime factors of 2215.
5, 443
What are the prime factors of 1218?
2, 3, 7, 29
List the prime factors of 217.
7, 31
List the prime factors of 14179.
11, 1289
What are the prime factors of 279?
3, 31
What are the prime factors of 1076?
2, 269
What are the prime factors of 2164?
2, 541
List the prime factors of 2559.
3, 853
List the prime factors of 91328.
2, 1427
What are the prime factors of 12466?
2, 23, 271
What are the prime factors of 92437?
23, 4019
List the prime factors of 29385.
3, 5, 653
What are the prime factors of 4723?
4723
List the prime factors of 1441.
11, 131
List the prime factors of 137134.
2, 68567
List the prime factors of 6627.
3, 47
List the prime factors of 818.
2, 409
List the prime factors of 5973.
3, 11, 181
List the prime factors of 152329.
23, 37, 179
What are the prime factors of 31869?
3, 3541
List the prime factors of 63061.
19, 3319
What are the prime factors of 30307?
30307
What are the prime factors of 5631?
3, 1877
List the prime factors of 6928.
2, 433
What are the prime factors of 142187?
29, 4903
What are the prime factors of 10725?
3, 5, 11, 13
What are the prime factors of 31062?
2, 3, 31, 167
What are the prime factors of 24468?
2, 3, 2039
What are the prime factors of 2869?
19, 151
What are the prime factors of 2993?
41, 73
List the prime factors of 15516.
2, 3, 431
List the prime factors of 32562.
2, 3, 67
What are the prime factors of 58107?
3, 7, 2767
List the prime factors of 2105.
5, 421
What are the prime factors of 270?
2, 3, 5
What are the prime factors of 3440?
2, 5, 43
List the prime factors of 4051.
4051
What are the prime factors of 1787?
1787
What are the prime factors of 4572?
2, 3, 127
List the prime factors of 369.
3, 41
List the prime factors of 1232.
2, 7, 11
What are the prime factors of 21330?
2, 3, 5, 79
List the prime factors of 30266.
2, 37, 409
List the prime factors of 5634.
2, 3, 313
List the prime factors of 916.
2, 229
What are the prime factors of 5714?
2, 2857
What are the prime factors of 641?
641
What are the prime factors of 34793?
11, 3163
List the prime factors of 6908.
2, 11, 157
What are the prime factors of 5267?
23, 229
What are the prime factors of 1200?
2, 3, 5
What are the prime factors of 1202?
2, 601
List the prime factors of 453.
3, 151
What are the prime factors of 3134?
2, 1567
What are the prime factors of 1273?
19, 67
What are the prime factors of 9983?
67, 149
List the prime factors of 75874.
2, 59, 643
What are the prime factors of 13265?
5, 7, 379
List the prime factors of 204022.
2, 7, 13, 19, 59
What are the prime factors of 16317?
3, 7, 37
List the prime factors of 11151.
3, 7, 59
List the prime factors of 377.
13, 29
List the prime factors of 78.
2, 3, 13
List the prime factors of 2900.
2, 5, 29
What are the prime factors of 8524?
2, 2131
List the prime factors of 993.
3, 331
List the prime factors of 10521.
3, 7, 167
What are the prime factors of 12819?
3, 4273
What are the prime factors of 42258?
2, 3, 7043
List the prime factors of 6459.
3, 2153
What are the prime factors of 2306?
2, 1153
List the prime factors of 10891.
10891
What are the prime factors of 2479?
37, 67
List the prime factors of 47436.
2, 3, 59, 67
List the prime factors of 13619.
13619
What are the prime factors of 7073?
11, 643
List the prime factors of 55469.
55469
What are the prime factors of 1485?
3, 5, 11
List the prime factors of 352.
2, 11
What are the prime factors of 1987?
1987
List the prime factors of 34504.
2, 19, 227
List the prime factors of 447.
3, 149
What are the prime factors of 157798?
2, 257, 307
What are the prime factors of 1989?
3, 13, 17
What are the prime factors of 7352?
2, 919
List the prime factors of 25302.
2, 3, 4217
List the prime factors of 1256.
2, 157
What are the prime factors of 1998?
2, 3, 37
What are the prime factors of 75504?
2, 3, 11, 13
List the prime factors of 26820.
2, 3, 5, 149
What are the prime factors of 3480?
2, 3, 5, 29
What are the prime factors of 518?
2, 7, 37
List the prime factors of 64.
2
What are the prime factors of 406?
2, 7, 29
List the prime factors of 3716.
2, 929
List the prime factors of 17327.
17327
List the prime factors of 43994.
2, 21997
What are the prime factors of 10105?
5, 43, 47
List the prime factors of 4296.
2, 3, 179
What are the prime factors of 15618?
2, 3, 19, 137
What are the prime factors of 985?
5, 197
List the prime factors of 3214.
2, 1607
List the prime factors of 49443.
3, 16481
What are the prime factors of 8695?
5, 37, 47
List the prime factors of 2565.
3, 5, 19
List the prime factors of 500.
2, 5
What are the prime factors of 99917?
41, 2437
What are the prime factors of 550?
2, 5, 11
What are the prime factors of 54741?
3, 71, 257
List the prime factors of 48950.
2, 5, 11, 89
List the prime factors of 15288.
2, 3, 7, 13
List the prime factors of 44183.
17, 23, 113
What are the prime factors of 5548?
2, 19, 73
What are the prime factors of 1782?
2, 3, 11
List the prime factors of 28524.
2, 3, 2377
List the prime factors of 1403.
23, 61
List the prime factors of 8853.
3, 13, 227
List the prime factors of 32362.
2, 11, 1471
List the prime factors of 4071.
3, 23, 59
What are the prime factors of 697?
17, 41
What are the prime factors of 4295?
5, 859
What are the prime factors of 6735?
3, 5, 449
List the prime factors of 27956.
2, 29, 241
List the prime factors of 971.
971
What are the prime factors of 2421?
3, 269
List the prime factors of 967.
967
List the prime factors of 3515.
5, 19, 37
List the prime factors of 2496.
2, 3, 13
List the prime factors of 47900.
2, 5, 479
List the prime factors of 2347.
2347
List the prime factors of 120081.
3, 13, 3079
List the prime factors of 73.
73
What are the prime factors of 463?
463
List the prime factors of 1641.
3, 547
List the prime factors of 7915.
5, 1583
List the prime factors of 10895.
5, 2179
List the prime factors of 5422.
2, 2711
List the prime factors of 261.
3, 29
What are the prime factors of 4453?
61, 73
What are the prime factors of 11737?
11, 97
What are the prime factors of 22546?
2, 11273
List th